 15
-9857a9
What is 14334211 (base 5) in base 11?
a4584
30133000 (base 4) to base 6
1032424
-2952c (base 15) to base 9
-222136
-4039 (base 10) to base 13
-1ab9
Convert -5311023 (base 8) to base 4.
-11121020103
300230340 (base 5) to base 3
2012221210020
Convert -7042 (base 15) to base 6.
-301355
-11a428 (base 11) to base 2
-101110010001001100
What is d4a421 (base 14) in base 5?
3314024004
Convert 1012101122111 (base 3) to base 14.
128522
123140a (base 11) to base 3
11000200201110
What is a54a8 (base 15) in base 3?
222122001012
What is -11100100000010000 (base 2) in base 13?
-411ac
What is 450470 (base 9) in base 14?
70260
What is 10010001000010100100 (base 2) in base 7?
5023011
77572 (base 10) to base 6
1355044
-4042341 (base 6) to base 13
-6973c
-21260 (base 13) to base 10
-59735
What is 8451252 (base 10) in base 15?
b1e11c
Convert -132201003 (base 4) to base 3.
-20100110110
-2b18855 (base 12) to base 6
-511233345
10100110111111100011000 (base 2) to base 5
2400101044
32502464 (base 8) to base 9
14120013
What is -3b5a4a (base 14) in base 6?
-111551014
What is -1110010101000100110 (base 2) in base 3?
-212212002110
What is 1304602 (base 10) in base 16?
13e81a
Convert 10005033 (base 6) to base 11.
182169
Convert -41400204 (base 5) to base 7.
-2616143
-83bba (base 16) to base 8
-2035672
Convert -9cc4f1 (base 16) to base 8.
-47142361
What is -19717 (base 16) in base 11?
-71331
What is -775246 (base 10) in base 5?
-144301441
460508 (base 14) to base 15
321020
Convert -23091c (base 13) to base 9.
-1504256
What is -129c1 (base 16) in base 4?
-102213001
What is -331751 (base 9) in base 11?
-125987
-1402480 (base 9) to base 13
-20c328
551411 (base 8) to base 5
21410342
Convert -7316a7 (base 11) to base 13.
-321169
233526114 (base 7) to base 8
67063145
Convert 66478 (base 9) to base 6.
540155
Convert 1388c7 (base 13) to base 12.
1ab603
c447 (base 15) to base 3
2002212211
61203 (base 13) to base 6
3421040
53025355 (base 6) to base 2
101111000110100100111
What is 103341334 (base 5) in base 13?
129842
What is -146442 (base 9) in base 15?
-1ba1e
135176 (base 8) to base 12
23766
What is 7f02c (base 16) in base 15?
a4226
What is 11b88b (base 13) in base 9?
717584
What is -54617 (base 11) in base 15?
-1874d
Convert 5029 (base 13) to base 2.
10101100001100
What is 40142424 (base 5) in base 3?
121011212220
What is 121102020110 (base 3) in base 5?
40314441
Convert 58e4b (base 16) to base 5.
43122412
Convert -4777145 (base 8) to base 10.
-1310309
747575 (base 9) to base 8
1545353
What is 135a729 (base 11) in base 14?
44d775
Convert -74969 (base 14) to base 16.
-44c91
-3862345 (base 9) to base 5
-1014422243
Convert 7a304 (base 11) to base 9.
186311
What is -b1482b (base 14) in base 5?
-3011421223
103013021321 (base 4) to base 2
10011000111001001111001
What is 2061031 (base 7) in base 6?
5205421
Convert 101200111100112 (base 3) to base 11.
3229327
What is 1025010 (base 7) in base 13?
4469a
What is 5235140 (base 6) in base 15?
50340
Convert -8a7ac1 (base 13) to base 6.
-154053340
What is -301323010 (base 5) in base 3?
-2020220001002
Convert -101220010002002 (base 3) to base 10.
-5789045
Convert -154377 (base 15) to base 2.
-11111010101011100011
-103466 (base 10) to base 8
-312052
Convert 1413220013 (base 5) to base 14.
6ad6cd
Convert -523524531 (base 6) to base 11.
-51833a5
-88182 (base 11) to base 9
-214507
Convert 203434244 (base 5) to base 4.
3031311002
What is 1095527 (base 10) in base 8?
4133547
What is -192783 (base 10) in base 6?
-4044303
-20f000 (base 16) to base 9
-4050025
101002022021 (base 3) to base 6
4131011
What is 8a73 (base 11) in base 12?
6aaa
What is -124150621 (base 7) in base 6?
-441323444
Convert 1932543 (base 10) to base 8.
7276377
What is 304012404 (base 5) in base 3?
2022202120212
What is -34b0c (base 14) in base 2?
-11111010110001000
-8aba2a (base 14) to base 7
-55052553
Convert 10390a7 (base 12) to base 3.
12202122211201
-6767 (base 9) to base 4
-1032022
What is 8d86a (base 15) in base 4?
1232003113
11411101410 (base 5) to base 13
2a054b3
889383 (base 12) to base 7
24316122
3598531 (base 10) to base 6
205043511
10251442 (base 6) to base 2
1001001110100010010
What is -45a2a (base 11) in base 14?
-1a313
Convert -66530 (base 12) to base 3.
-20212221000
What is 748471 (base 10) in base 11?
471379
What is 11112002102 (base 3) in base 9?
145072
What is -21511401 (base 6) in base 3?
-1012212121101
Convert -110102210002 (base 3) to base 10.
-244784
Convert -1011111101000110111 (base 2) to base 14.
-a2a91
Convert 1124a2 (base 11) to base 14.
49302
-16992 (base 13) to base 11
-2a65a
-87c43 (base 16) to base 15
-aeb84
What is 29438b5 (base 12) in base 5?
4111111443
What is 460265 (base 9) in base 16?
43547
-1eeee (base 16) to base 5
-13023302
What is -11253255 (base 6) in base 10?
-349379
131202022122 (base 4) to base 10
7742106
5553134 (base 8) to base 4
11231121130
Convert -1ec299 (base 15) to base 6.
-52203043
Convert 1337660 (base 11) to base 14.
441546
Convert 424065 (base 7) to base 11.
50202
7704535 (base 8) to base 9
3800073
de646 (base 15) to base 13
1b9927
What is 29bee (base 16) in base 11?
107516
What is 11111001110011010011 (base 2) in base 4?
3321303103
13302201031 (base 4) to base 15
2a503d
Convert -350670 (base 9) to base 6.
-4302313
What is 616625 (base 10) in base 5?
124213000
Convert -410200 (base 5) to base 6.
-140555
Convert 37c00 (base 15) to base 3.
100001110000
What is 16ee4 (base 15) in base 14?
1d0ab
Convert -11011000101010100011000 (base 2) to base 10.
-7099672
What is -27894 (base 14) in base 15?
-1de5d
What is -24898 (base 12) in base 6?
-1021512
Convert -30468668 (base 9) to base 14.
-1d2bd29
What is 11010001000011100110011 (base 2) in base 8?
32103463
-652646 (base 13) to base 6
-122532045
Convert 5578b4 (base 12) to base 9.
2504221
32115501 (base 6) to base 11
594915
Convert 2598c (base 16) to base 12.
75150
Convert 20131131 (base 4) to base 15.
a403
What is 21b3b2 (base 15) in base 2?
110001000011010101110
Convert 2320123222 (base 4) to base 6.
24105214
Convert 57b09 (base 13) to base 2.
100111000100110100
Convert -19879 (base 15) to base 8.
-241742
Convert 13430314 (base 6) to base 7.
3603400
What is 6b291 (base 12) in base 14?
3a5ad
What is -19293 (base 14) in base 13?
-22c6b
What is -237972 (base 12) in base 8?
-2137646
What is -13103122003 (base 4) in base 6?
-105011231
What is -45777064 (base 8) in base 16?
-97fe34
135251230 (base 6) to base 15
39c37c
What is -39a262 (base 11) in base 5?
-130103132
Convert -10431134 (base 7) to base 11.
-563a7a
Convert 63451616 (base 7) to base 12.
1972008
-5a0864 (base 14) to base 8
-13565570
What is -ce641d (base 15) in base 12?
-3367a24
What is 403113300 (base 5) in base 2?
110001001111100000111
Convert -81c2 (base 13) to base 11.
-124a6
What is -331213322001 (base 4) in base 12?
-54b0629
What is 10221400202 (base 5) in base 12?
37162b2
What is -111022300003 (base 4) in base 10?
-5549059
200a1 (base 13) to base 4
31332211
Convert 4420143312 (base 5) to base 4.
210120130310
13317 (base 8) to base 10
5839
What is 372a8 (base 13) in base 2?
11000110010100010
Convert -60802 (base 9) to base 7.
-224444
111001011101011111011 (base 2) to base 10
1882875
-172163 (base 14) to base 6
-25225335
201121110022 (base 3) to base 9
647408
Convert 53ad29 (base 16) to base 11.
3106089
247622 (base 15) to base 6
101232305
What is 5406631 (base 8) in base 3?
2201102112122
What is 11010112111 (base 3) in base 16?
13d9e
What is 101221220100 (base 3) in base 13?
77253
-23011230130 (base 4) to base 12
-b822a4
Convert -10110010110000010 (base 2) to base 6.
-1543414
425511 (base 6) to base 5
2104323
-758180 (base 14) to base 8
-17133544
6003a (base 16) to base 10
393274
10711735 (base 9) to base 15
6cbebb
What is -776374 (base 15) in base 12?
-1aa550a
-317224 (base 10) to base 11
-1a7376
Convert -49c41 (base 15) to base 16.
-39874
What is 764665 (base 8) in base 7?
2115426
Convert 1a247 (base 14) to base 15.
149ab
-20532 (base 14) to base 3
-10221210120
What is -10103203032 (base 4) in base 10?
-1128654
What is 144250 (base 7) in base 6?
333124
53b6777 (base 12) to base 2
111100101101101111001011
4440337 (base 9) to base 5
1102412411
What is 468235 (base 15) in base 10?
3368750
Convert -32001021 (base 